9?
2
Convert 434 (base 5) to base 7.
230
-10 (base 2) to base 13
-2
Convert 2 (base 4) to base 13.
2
What is -11 (base 2) in base 13?
-3
What is -270 (base 8) in base 16?
-b8
What is 10 (base 3) in base 10?
3
What is -31 (base 9) in base 3?
-1001
Convert -2 (base 3) to base 13.
-2
Convert 105 (base 6) to base 10.
41
What is -22 (base 12) in base 15?
-1b
-6 (base 9) to base 16
-6
Convert 36 (base 11) to base 4.
213
What is 60 (base 9) in base 3?
2000
-25 (base 6) to base 7
-23
-5 (base 11) to base 6
-5
Convert 11 (base 4) to base 9.
5
Convert bd (base 16) to base 11.
162
3 (base 15) to base 8
3
What is -11 (base 7) in base 2?
-1000
Convert 48 (base 15) to base 9.
75
-16 (base 9) to base 6
-23
Convert -123 (base 14) to base 8.
-343
What is -3 (base 14) in base 4?
-3
What is 1 (base 11) in base 10?
1
Convert 81 (base 11) to base 7.
155
Convert -1 (base 9) to base 7.
-1
What is 6c (base 15) in base 4?
1212
Convert 360 (base 10) to base 11.
2a8
Convert 4 (base 13) to base 3.
11
What is -34 (base 14) in base 9?
-51
Convert -133 (base 6) to base 12.
-49
Convert 10 (base 6) to base 5.
11
-106 (base 14) to base 5
-1302
What is 91 (base 11) in base 16?
64
What is 1cc (base 13) in base 15?
177
What is -13 (base 14) in base 8?
-21
-96 (base 16) to base 13
-b7
101 (base 5) to base 15
1b
Convert -2 (base 14) to base 2.
-10
1 (base 8) to base 4
1
Convert 5 (base 7) to base 16.
5
Convert 12 (base 13) to base 5.
30
-11 (base 2) to base 10
-3
What is -100 (base 4) in base 3?
-121
Convert -10 (base 12) to base 10.
-12
-c (base 15) to base 2
-1100
Convert 270 (base 10) to base 12.
1a6
What is 25 (base 9) in base 5?
43
What is 24 (base 14) in base 9?
35
Convert 7 (base 13) to base 10.
7
-14a (base 11) to base 6
-451
21 (base 6) to base 13
10
What is -48 (base 14) in base 8?
-100
10 (base 5) to base 7
5
4 (base 14) to base 2
100
What is -5c (base 16) in base 11?
-84
67 (base 15) to base 12
81
Convert 114 (base 15) to base 9.
301
Convert 60 (base 11) to base 15.
46
Convert -14 (base 8) to base 10.
-12
Convert 1 (base 5) to base 8.
1
What is -56 (base 10) in base 8?
-70
Convert -330 (base 5) to base 6.
-230
What is -1 (base 12) in base 13?
-1
What is -2 (base 14) in base 12?
-2
What is b (base 16) in base 15?
b
Convert -24 (base 7) to base 15.
-13
7 (base 11) to base 6
11
Convert -5c (base 14) to base 2.
-1010010
What is -20220 (base 3) in base 10?
-186
What is 11110 (base 2) in base 14?
22
Convert 101 (base 2) to base 9.
5
What is -222 (base 3) in base 9?
-28
-35 (base 15) to base 11
-46
Convert -67 (base 13) to base 3.
-10011
1 (base 2) to base 8
1
Convert -51 (base 8) to base 9.
-45
3a (base 12) to base 2
101110
15 (base 16) to base 8
25
-d (base 15) to base 9
-14
Convert -10 (base 2) to base 5.
-2
What is -30 (base 4) in base 5?
-22
What is 0 (base 9) in base 7?
0
What is -1 (base 13) in base 10?
-1
-13 (base 9) to base 16
-c
-101011 (base 2) to base 13
-34
What is 131 (base 7) in base 16?
47
Convert 21 (base 16) to base 6.
53
-10 (base 3) to base 2
-11
-71 (base 9) to base 5
-224
What is 0 (base 6) in base 11?
0
What is -6 (base 10) in base 7?
-6
What is c (base 13) in base 10?
12
Convert -263 (base 8) to base 7.
-344
-21 (base 8) to base 3
-122
What is 114 (base 5) in base 7?
46
-112 (base 14) to base 7
-422
What is -30 (base 6) in base 13?
-15
-3 (base 4) to base 10
-3
What is -110 (base 2) in base 13?
-6
-67 (base 15) to base 8
-141
What is -3 (base 12) in base 14?
-3
128 (base 10) to base 15
88
101201 (base 3) to base 2
100100001
What is 19 (base 14) in base 2?
10111
9 (base 12) to base 3
100
Convert -1 (base 7) to base 3.
-1
What is 11111 (base 2) in base 3?
1011
20 (base 7) to base 16
e
-74 (base 16) to base 10
-116
What is -b (base 14) in base 16?
-b
What is 24 (base 13) in base 10?
30
266 (base 9) to base 6
1010
What is 234 (base 6) in base 15?
64
121 (base 5) to base 13
2a
What is 10201 (base 3) in base 4?
1210
Convert 231 (base 7) to base 13.
93
Convert 2 (base 10) to base 12.
2
-28 (base 15) to base 14
-2a
-2 (base 16) to base 3
-2
100 (base 2) to base 16
4
What is -2 (base 7) in base 15?
-2
10 (base 15) to base 16
f
Convert -11100 (base 2) to base 6.
-44
-81 (base 13) to base 16
-69
2 (base 12) to base 13
2
What is -11 (base 5) in base 2?
-110
What is 1110111 (base 2) in base 15?
7e
What is 26 (base 13) in base 7?
44
-1 (base 2) to base 14
-1
-455 (base 8) to base 12
-211
Convert -12 (base 5) to base 6.
-11
-11 (base 8) to base 12
-9
What is -16 (base 15) in base 14?
-17
What is 3 (base 11) in base 15?
3
Convert -168 (base 15) to base 3.
-102222
What is -12 (base 12) in base 7?
-20
-92 (base 15) to base 2
-10001001
-120000 (base 3) to base 13
-252
-23 (base 16) to base 2
-100011
Convert -2011 (base 3) to base 5.
-213
What is -1 (base 13) in base 11?
-1
Convert -3 (base 4) to base 9.
-3
What is 18 (base 15) in base 2?
10111
-1000 (base 2) to base 5
-13
Convert 1 (base 14) to base 9.
1
What is -11 (base 8) in base 6?
-13
-2 (base 12) to base 8
-2
Convert -20 (base 5) to base 13.
-a
What is -34 (base 9) in base 4?
-133
178 (base 16) to base 3
111221
What is 3 (base 10) in base 15?
3
Convert 1232 (base 5) to base 15.
cc
What is -17 (base 13) in base 15?
-15
131 (base 6) to base 8
67
-10d (base 14) to base 6
-545
What is -2 (base 10) in base 8?
-2
What is 30 (base 15) in base 7?
63
Convert 1010011 (base 2) to base 9.
102
Convert 124 (base 12) to base 16.
ac
-182 (base 10) to base 16
-b6
What is -5 (base 15) in base 8?
-5
Convert -75 (base 8) to base 2.
-111101
-3 (base 11) to base 15
-3
104 (base 8) to base 11
62
Convert -30 (base 14) to base 5.
-132
What is -10 (base 6) in base 9?
-6
What is -25 (base 12) in base 5?
-104
What is 10 (base 7) in base 10?
7
Convert 212 (base 14) to base 5.
3113
What is -34 (base 11) in base 9?
-41
Convert -1 (base 9) to base 10.
-1
Convert -1 (base 4) to base 2.
-1
Convert -98 (base 10) to base 14.
-70
Convert 1221 (base 4) to base 8.
151
-65 (base 12) to base 15
-52
What is 2001 (base 4) in base 16?
81
Convert -36 (base 13) to base 16.
-2d
What is -65 (base 11) in base 13?
-56
Convert 32 (base 4) to base 6.
22
What is 221 (base 3) in base 2?
11001
Convert -91 (base 10) to base 15.
-61
Convert 35 (base 13) to base 11.
40
-24 (base 15) to base 11
-31
Convert 3 (base 14) to base 3.
10
Convert 1 (base 15) to base 6.
1
-22011 (base 3) to base 15
-ea
What is 2 (base 6) in base 5?
2
16 (base 10) to base 13
13
Convert -12 (base 15) to base 9.
-18
Convert -43 (base 12) to base 9.
-56
Convert 84 (base 12) to base 2.
1100100
Convert 300 (base 8) to base 11.
165
What is 20 (base 4) in base 10?
8
What is -101102 (base 3) in base 8?
-431
What is 220 (base 3) in base 5?
44
What is 0 (base 14) in base 12?
0
What is -233 (base 4) in base 15?
-32
Convert -14 (base 6) to base 3.
-101
1213 (base 4) to base 15
6d
-9 (base 15) to base 16
-9
Convert 3 (base 8) to base 11.
3
What is -90 (base 11) in base 4?
-1203
Convert 1013 (base 4) to base 10.
71
Convert 20 (base 15) to base 4.
132
0 (base 13) to base 15
0
Convert 34 (base 14) to base 15.
31
What is 22 (base 3) in base 7?
11
What is -110000 (base 2) in base 14?
-36
-12 (base 6) to base 13
-8
Convert 2 (base 5) to base 15.
2
What is 15 (base 13) in base 12?
16
101000 (base 2) to base 10
40
Convert 3 (base 8) to base 5.
3
Convert 9 (base 12) to base 11.
9
Convert 2 (base 4) to base 15.
2
Convert 0 (base 9) to base 11.
0
-4 (base 15) to base 2
-100
What is 114 (base 8) in base 11?
6a
Convert 39 (base 15) to base 6.
130
4 (base 10) to base 15
4
-44 (base 10) to base 2
-101100
Convert -1 (base 10) to base 13.
-1
12 (base 16) to base 7
24
-8 (base 14) to base 3
-22
What is 2 (base 13) in base 12?
2
Convert -103 (base 4) to base 10.
-19
Convert -112020 (base 3) to base 5.
-3014
What is 231 (base 4) in base 16?
2d
What is a (base 11) in base 8?
12
What is 3231 (base 4) in base 5?
1422
What is d (base 15) in base 9?
14
Convert -1101 (base 3) to base 4.
-211
What is -86 (base 10) in base 11?
-79
What is -45 (base 10) in base 16?
-2d
What is -23 (base 5) in base 12?
-11
What is -1000 (base 2) in base 15?
-8
Convert 1 (base 9) to base 14.
1
What is 5 (base 11) in base 13?
5
Convert 19 (base 13) to base 3.
211
Convert -64 (base 12) to base 14.
-56
Convert 6 (base 7) to base 12.
6
138 (base 12) to base